{"id":16,"date":"2018-01-03T11:37:53","date_gmt":"2018-01-03T10:37:53","guid":{"rendered":"http:\/\/dedi20.aname.net\/~studio-k\/wordpress\/?page_id=16"},"modified":"2019-10-23T14:21:12","modified_gmt":"2019-10-23T12:21:12","slug":"kontakt","status":"publish","type":"page","link":"https:\/\/studio-kreativ.se\/wordpress\/kontakt\/","title":{"rendered":"Kontakt"},"content":{"rendered":"","protected":false},"excerpt":{"rendered":"","protected":false},"author":1,"featured_media":36,"parent":0,"menu_order":0,"comment_status":"closed","ping_status":"closed","template":"my-templates\/contact.php","meta":[],"yoast_head":"<!-- This site is optimized with the Yoast SEO plugin v19.5.1 - https:\/\/yoast.com\/wordpress\/plugins\/seo\/ -->\n<title>Kontakt - Studio Kreativ<\/title>\n<meta name=\"description\" content=\"Kontakta oss f\u00f6r fr\u00e5gor eller funderingar.\" \/>\n<meta name=\"robots\" content=\"index, follow, max-snippet:-1, max-image-preview:large, max-video-preview:-1\" \/>\n<link rel=\"canonical\" href=\"https:\/\/studio-kreativ.se\/wordpress\/kontakt\/\" \/>\n<meta property=\"og:locale\" content=\"sv_SE\" \/>\n<meta property=\"og:type\" content=\"article\" \/>\n<meta property=\"og:title\" content=\"Kontakt - Studio Kreativ\" \/>\n<meta property=\"og:description\" content=\"Kontakta oss f\u00f6r fr\u00e5gor eller funderingar.\" \/>\n<meta property=\"og:url\" content=\"https:\/\/studio-kreativ.se\/wordpress\/kontakt\/\" \/>\n<meta property=\"og:site_name\" content=\"Studio Kreativ\" \/>\n<meta property=\"article:modified_time\" content=\"2019-10-23T12:21:12+00:00\" \/>\n<meta property=\"og:image\" content=\"https:\/\/studio-kreativ.se\/wordpress\/wp-content\/uploads\/2018\/01\/kreativ_2-1.jpg\" \/>\n\t<meta property=\"og:image:width\" content=\"2000\" \/>\n\t<meta property=\"og:image:height\" content=\"224\" \/>\n\t<meta property=\"og:image:type\" content=\"image\/jpeg\" \/>\n<meta name=\"twitter:card\" content=\"summary_large_image\" \/>\n<script type=\"application\/ld+json\" class=\"yoast-schema-graph\">{\"@context\":\"https:\/\/schema.org\",\"@graph\":[{\"@type\":\"WebPage\",\"@id\":\"https:\/\/studio-kreativ.se\/wordpress\/kontakt\/\",\"url\":\"https:\/\/studio-kreativ.se\/wordpress\/kontakt\/\",\"name\":\"Kontakt - Studio Kreativ\",\"isPartOf\":{\"@id\":\"https:\/\/studio-kreativ.se\/wordpress\/#website\"},\"datePublished\":\"2018-01-03T10:37:53+00:00\",\"dateModified\":\"2019-10-23T12:21:12+00:00\",\"description\":\"Kontakta oss f\u00f6r fr\u00e5gor eller funderingar.\",\"breadcrumb\":{\"@id\":\"https:\/\/studio-kreativ.se\/wordpress\/kontakt\/#breadcrumb\"},\"inLanguage\":\"sv-SE\",\"potentialAction\":[{\"@type\":\"ReadAction\",\"target\":[\"https:\/\/studio-kreativ.se\/wordpress\/kontakt\/\"]}]},{\"@type\":\"BreadcrumbList\",\"@id\":\"https:\/\/studio-kreativ.se\/wordpress\/kontakt\/#breadcrumb\",\"itemListElement\":[{\"@type\":\"ListItem\",\"position\":1,\"name\":\"Hem\",\"item\":\"https:\/\/studio-kreativ.se\/wordpress\/\"},{\"@type\":\"ListItem\",\"position\":2,\"name\":\"Kontakt\"}]},{\"@type\":\"WebSite\",\"@id\":\"https:\/\/studio-kreativ.se\/wordpress\/#website\",\"url\":\"https:\/\/studio-kreativ.se\/wordpress\/\",\"name\":\"Studio Kreativ\",\"description\":\"Fris\u00f6r i J\u00f6nk\u00f6ping\",\"potentialAction\":[{\"@type\":\"SearchAction\",\"target\":{\"@type\":\"EntryPoint\",\"urlTemplate\":\"https:\/\/studio-kreativ.se\/wordpress\/?s={search_term_string}\"},\"query-input\":\"required name=search_term_string\"}],\"inLanguage\":\"sv-SE\"}]}<\/script>\n<!-- \/ Yoast SEO plugin. -->","yoast_head_json":{"title":"Kontakt - Studio Kreativ","description":"Kontakta oss f\u00f6r fr\u00e5gor eller funderingar.","robots":{"index":"index","follow":"follow","max-snippet":"max-snippet:-1","max-image-preview":"max-image-preview:large","max-video-preview":"max-video-preview:-1"},"canonical":"https:\/\/studio-kreativ.se\/wordpress\/kontakt\/","og_locale":"sv_SE","og_type":"article","og_title":"Kontakt - Studio Kreativ","og_description":"Kontakta oss f\u00f6r fr\u00e5gor eller funderingar.","og_url":"https:\/\/studio-kreativ.se\/wordpress\/kontakt\/","og_site_name":"Studio Kreativ","article_modified_time":"2019-10-23T12:21:12+00:00","og_image":[{"width":2000,"height":224,"url":"https:\/\/studio-kreativ.se\/wordpress\/wp-content\/uploads\/2018\/01\/kreativ_2-1.jpg","type":"image\/jpeg"}],"twitter_card":"summary_large_image","schema":{"@context":"https:\/\/schema.org","@graph":[{"@type":"WebPage","@id":"https:\/\/studio-kreativ.se\/wordpress\/kontakt\/","url":"https:\/\/studio-kreativ.se\/wordpress\/kontakt\/","name":"Kontakt - Studio Kreativ","isPartOf":{"@id":"https:\/\/studio-kreativ.se\/wordpress\/#website"},"datePublished":"2018-01-03T10:37:53+00:00","dateModified":"2019-10-23T12:21:12+00:00","description":"Kontakta oss f\u00f6r fr\u00e5gor eller funderingar.","breadcrumb":{"@id":"https:\/\/studio-kreativ.se\/wordpress\/kontakt\/#breadcrumb"},"inLanguage":"sv-SE","potentialAction":[{"@type":"ReadAction","target":["https:\/\/studio-kreativ.se\/wordpress\/kontakt\/"]}]},{"@type":"BreadcrumbList","@id":"https:\/\/studio-kreativ.se\/wordpress\/kontakt\/#breadcrumb","itemListElement":[{"@type":"ListItem","position":1,"name":"Hem","item":"https:\/\/studio-kreativ.se\/wordpress\/"},{"@type":"ListItem","position":2,"name":"Kontakt"}]},{"@type":"WebSite","@id":"https:\/\/studio-kreativ.se\/wordpress\/#website","url":"https:\/\/studio-kreativ.se\/wordpress\/","name":"Studio Kreativ","description":"Fris\u00f6r i J\u00f6nk\u00f6ping","potentialAction":[{"@type":"SearchAction","target":{"@type":"EntryPoint","urlTemplate":"https:\/\/studio-kreativ.se\/wordpress\/?s={search_term_string}"},"query-input":"required name=search_term_string"}],"inLanguage":"sv-SE"}]}},"_links":{"self":[{"href":"https:\/\/studio-kreativ.se\/wordpress\/wp-json\/wp\/v2\/pages\/16"}],"collection":[{"href":"https:\/\/studio-kreativ.se\/wordpress\/wp-json\/wp\/v2\/pages"}],"about":[{"href":"https:\/\/studio-kreativ.se\/wordpress\/wp-json\/wp\/v2\/types\/page"}],"author":[{"embeddable":true,"href":"https:\/\/studio-kreativ.se\/wordpress\/wp-json\/wp\/v2\/users\/1"}],"replies":[{"embeddable":true,"href":"https:\/\/studio-kreativ.se\/wordpress\/wp-json\/wp\/v2\/comments?post=16"}],"version-history":[{"count":10,"href":"https:\/\/studio-kreativ.se\/wordpress\/wp-json\/wp\/v2\/pages\/16\/revisions"}],"predecessor-version":[{"id":112,"href":"https:\/\/studio-kreativ.se\/wordpress\/wp-json\/wp\/v2\/pages\/16\/revisions\/112"}],"wp:featuredmedia":[{"embeddable":true,"href":"https:\/\/studio-kreativ.se\/wordpress\/wp-json\/wp\/v2\/media\/36"}],"wp:attachment":[{"href":"https:\/\/studio-kreativ.se\/wordpress\/wp-json\/wp\/v2\/media?parent=16"}],"curies":[{"name":"wp","href":"https:\/\/api.w.org\/{rel}","templated":true}]}}

<!-- This site is optimized with the Yoast SEO plugin v19.5.1 - https://yoast.com/wordpress/plugins/seo/ -->
<title>Kontakt - Studio Kreativ</title>
<meta name="description" content="Kontakta oss för frågor eller funderingar." />
<meta name="robots" content="index, follow, max-snippet:-1, max-image-preview:large, max-video-preview:-1" />
<link rel="canonical" href="https://studio-kreativ.se/wordpress/kontakt/" />
<meta property="og:locale" content="sv_SE" />
<meta property="og:type" content="article" />
<meta property="og:title" content="Kontakt - Studio Kreativ" />
<meta property="og:description" content="Kontakta oss för frågor eller funderingar." />
<meta property="og:url" content="https://studio-kreativ.se/wordpress/kontakt/" />
<meta property="og:site_name" content="Studio Kreativ" />
<meta property="article:modified_time" content="2019-10-23T12:21:12+00:00" />
<meta property="og:image" content="https://studio-kreativ.se/wordpress/wp-content/uploads/2018/01/kreativ_2-1.jpg" />
	<meta property="og:image:width" content="2000" />
	<meta property="og:image:height" content="224" />
	<meta property="og:image:type" content="image/jpeg" />
<meta name="twitter:card" content="summary_large_image" />
<script type="application/ld+json" class="yoast-schema-graph">{"@context":"https://schema.org","@graph":[{"@type":"WebPage","@id":"https://studio-kreativ.se/wordpress/kontakt/","url":"https://studio-kreativ.se/wordpress/kontakt/","name":"Kontakt - Studio Kreativ","isPartOf":{"@id":"https://studio-kreativ.se/wordpress/#website"},"datePublished":"2018-01-03T10:37:53+00:00","dateModified":"2019-10-23T12:21:12+00:00","description":"Kontakta oss för frågor eller funderingar.","breadcrumb":{"@id":"https://studio-kreativ.se/wordpress/kontakt/#breadcrumb"},"inLanguage":"sv-SE","potentialAction":[{"@type":"ReadAction","target":["https://studio-kreativ.se/wordpress/kontakt/"]}]},{"@type":"BreadcrumbList","@id":"https://studio-kreativ.se/wordpress/kontakt/#breadcrumb","itemListElement":[{"@type":"ListItem","position":1,"name":"Hem","item":"https://studio-kreativ.se/wordpress/"},{"@type":"ListItem","position":2,"name":"Kontakt"}]},{"@type":"WebSite","@id":"https://studio-kreativ.se/wordpress/#website","url":"https://studio-kreativ.se/wordpress/","name":"Studio Kreativ","description":"Frisör i Jönköping","potentialAction":[{"@type":"SearchAction","target":{"@type":"EntryPoint","urlTemplate":"https://studio-kreativ.se/wordpress/?s={search_term_string}"},"query-input":"required name=search_term_string"}],"inLanguage":"sv-SE"}]}</script>
<!-- / Yoast SEO plugin. -->

Kontakta oss för frågor eller funderingar.

Frisör i Jönköping
