{"id":8,"date":"2018-01-03T11:37:23","date_gmt":"2018-01-03T10:37:23","guid":{"rendered":"http:\/\/dedi20.aname.net\/~studio-k\/wordpress\/?page_id=8"},"modified":"2018-01-10T13:21:41","modified_gmt":"2018-01-10T12:21:41","slug":"om-oss","status":"publish","type":"page","link":"https:\/\/studio-kreativ.se\/wordpress\/om-oss\/","title":{"rendered":"Om oss"},"content":{"rendered":"<h1>V\u00e4lkommen till\u00a0oss p\u00e5 Studio Kreativ!<\/h1>\n<p>H\u00e4r i v\u00e5ra moderna fr\u00e4scha lokaler mitt i centrala J\u00f6nk\u00f6ping ser vi till att du som kund blir ordentligt omh\u00e4ndertagen.\u00a0Vi\u00a0erbjuder\u00a0h\u00f6gsta m\u00f6jliga kvalitet\u00a0kombinerat med det d\u00e4r lilla extra. F\u00f6r oss \u00e4r kunden alltid i centrum &#8211; varje klippning, f\u00e4rgning och frisyr \u00e4r unik.<\/p>\n<p>Vi\u00a0ger\u00a0v\u00e5ra kunder en\u00a0exklusiv k\u00e4nsla av lyx och avkoppling i absolut harmoni.\u00a0Vi anv\u00e4nder enbart kvalitetsprodukter och anpassar oss alltid efter kundens behov och \u00f6nskem\u00e5l.<\/p>\n<p>N\u00e4r du g\u00e5r fr\u00e5n v\u00e5r salong vill vi att du l\u00e4mnar oss med mer \u00e4n bara en v\u00e4lklippt frisyr. Du ska ocks\u00e5 g\u00e5 h\u00e4rifr\u00e5n med en sk\u00f6n k\u00e4nsla.<\/p>\n<p>V\u00e4lkommen till oss p\u00e5 Studio Kreativ!<\/p>\n","protected":false},"excerpt":{"rendered":"<p>V\u00e4lkommen till\u00a0oss p\u00e5 Studio Kreativ! H\u00e4r i v\u00e5ra moderna fr\u00e4scha lokaler mitt i centrala J\u00f6nk\u00f6ping ser vi till att du som kund blir ordentligt omh\u00e4ndertagen.\u00a0Vi\u00a0erbjuder\u00a0h\u00f6gsta m\u00f6jliga kvalitet\u00a0kombinerat med det d\u00e4r lilla extra. F\u00f6r oss \u00e4r kunden alltid i centrum &#8211; [&hellip;]<\/p>\n","protected":false},"author":1,"featured_media":78,"parent":0,"menu_order":0,"comment_status":"closed","ping_status":"closed","template":"my-templates\/about.php","meta":[],"yoast_head":"<!-- This site is optimized with the Yoast SEO plugin v19.5.1 - https:\/\/yoast.com\/wordpress\/plugins\/seo\/ -->\n<title>Om oss - Studio Kreativ<\/title>\n<meta name=\"description\" content=\"N\u00e4r du g\u00e5r fr\u00e5n v\u00e5r fris\u00f6rsalong i J\u00f6nk\u00f6ping vill vi att du l\u00e4mnar oss med mer \u00e4n bara en v\u00e4lklippt frisyr. Du ska ocks\u00e5 g\u00e5 h\u00e4rifr\u00e5n med en sk\u00f6n k\u00e4nsla.\" \/>\n<meta name=\"robots\" content=\"index, follow, max-snippet:-1, max-image-preview:large, max-video-preview:-1\" \/>\n<link rel=\"canonical\" href=\"https:\/\/studio-kreativ.se\/wordpress\/om-oss\/\" \/>\n<meta property=\"og:locale\" content=\"sv_SE\" \/>\n<meta property=\"og:type\" content=\"article\" \/>\n<meta property=\"og:title\" content=\"Om oss - Studio Kreativ\" \/>\n<meta property=\"og:description\" content=\"N\u00e4r du g\u00e5r fr\u00e5n v\u00e5r fris\u00f6rsalong i J\u00f6nk\u00f6ping vill vi att du l\u00e4mnar oss med mer \u00e4n bara en v\u00e4lklippt frisyr. Du ska ocks\u00e5 g\u00e5 h\u00e4rifr\u00e5n med en sk\u00f6n k\u00e4nsla.\" \/>\n<meta property=\"og:url\" content=\"https:\/\/studio-kreativ.se\/wordpress\/om-oss\/\" \/>\n<meta property=\"og:site_name\" content=\"Studio Kreativ\" \/>\n<meta property=\"article:modified_time\" content=\"2018-01-10T12:21:41+00:00\" \/>\n<meta property=\"og:image\" content=\"https:\/\/studio-kreativ.se\/wordpress\/wp-content\/uploads\/2018\/01\/top.jpg\" \/>\n\t<meta property=\"og:image:width\" content=\"2000\" \/>\n\t<meta property=\"og:image:height\" content=\"255\" \/>\n\t<meta property=\"og:image:type\" content=\"image\/jpeg\" \/>\n<meta name=\"twitter:card\" content=\"summary_large_image\" \/>\n<meta name=\"twitter:label1\" content=\"Ber\u00e4knad l\u00e4stid\" \/>\n\t<meta name=\"twitter:data1\" content=\"1 minut\" \/>\n<script type=\"application\/ld+json\" class=\"yoast-schema-graph\">{\"@context\":\"https:\/\/schema.org\",\"@graph\":[{\"@type\":\"WebPage\",\"@id\":\"https:\/\/studio-kreativ.se\/wordpress\/om-oss\/\",\"url\":\"https:\/\/studio-kreativ.se\/wordpress\/om-oss\/\",\"name\":\"Om oss - Studio Kreativ\",\"isPartOf\":{\"@id\":\"https:\/\/studio-kreativ.se\/wordpress\/#website\"},\"datePublished\":\"2018-01-03T10:37:23+00:00\",\"dateModified\":\"2018-01-10T12:21:41+00:00\",\"description\":\"N\u00e4r du g\u00e5r fr\u00e5n v\u00e5r fris\u00f6rsalong i J\u00f6nk\u00f6ping vill vi att du l\u00e4mnar oss med mer \u00e4n bara en v\u00e4lklippt frisyr. Du ska ocks\u00e5 g\u00e5 h\u00e4rifr\u00e5n med en sk\u00f6n k\u00e4nsla.\",\"breadcrumb\":{\"@id\":\"https:\/\/studio-kreativ.se\/wordpress\/om-oss\/#breadcrumb\"},\"inLanguage\":\"sv-SE\",\"potentialAction\":[{\"@type\":\"ReadAction\",\"target\":[\"https:\/\/studio-kreativ.se\/wordpress\/om-oss\/\"]}]},{\"@type\":\"BreadcrumbList\",\"@id\":\"https:\/\/studio-kreativ.se\/wordpress\/om-oss\/#breadcrumb\",\"itemListElement\":[{\"@type\":\"ListItem\",\"position\":1,\"name\":\"Hem\",\"item\":\"https:\/\/studio-kreativ.se\/wordpress\/\"},{\"@type\":\"ListItem\",\"position\":2,\"name\":\"Om oss\"}]},{\"@type\":\"WebSite\",\"@id\":\"https:\/\/studio-kreativ.se\/wordpress\/#website\",\"url\":\"https:\/\/studio-kreativ.se\/wordpress\/\",\"name\":\"Studio Kreativ\",\"description\":\"Fris\u00f6r i J\u00f6nk\u00f6ping\",\"potentialAction\":[{\"@type\":\"SearchAction\",\"target\":{\"@type\":\"EntryPoint\",\"urlTemplate\":\"https:\/\/studio-kreativ.se\/wordpress\/?s={search_term_string}\"},\"query-input\":\"required name=search_term_string\"}],\"inLanguage\":\"sv-SE\"}]}<\/script>\n<!-- \/ Yoast SEO plugin. -->","yoast_head_json":{"title":"Om oss - Studio Kreativ","description":"N\u00e4r du g\u00e5r fr\u00e5n v\u00e5r fris\u00f6rsalong i J\u00f6nk\u00f6ping vill vi att du l\u00e4mnar oss med mer \u00e4n bara en v\u00e4lklippt frisyr. Du ska ocks\u00e5 g\u00e5 h\u00e4rifr\u00e5n med en sk\u00f6n k\u00e4nsla.","robots":{"index":"index","follow":"follow","max-snippet":"max-snippet:-1","max-image-preview":"max-image-preview:large","max-video-preview":"max-video-preview:-1"},"canonical":"https:\/\/studio-kreativ.se\/wordpress\/om-oss\/","og_locale":"sv_SE","og_type":"article","og_title":"Om oss - Studio Kreativ","og_description":"N\u00e4r du g\u00e5r fr\u00e5n v\u00e5r fris\u00f6rsalong i J\u00f6nk\u00f6ping vill vi att du l\u00e4mnar oss med mer \u00e4n bara en v\u00e4lklippt frisyr. Du ska ocks\u00e5 g\u00e5 h\u00e4rifr\u00e5n med en sk\u00f6n k\u00e4nsla.","og_url":"https:\/\/studio-kreativ.se\/wordpress\/om-oss\/","og_site_name":"Studio Kreativ","article_modified_time":"2018-01-10T12:21:41+00:00","og_image":[{"width":2000,"height":255,"url":"https:\/\/studio-kreativ.se\/wordpress\/wp-content\/uploads\/2018\/01\/top.jpg","type":"image\/jpeg"}],"twitter_card":"summary_large_image","twitter_misc":{"Ber\u00e4knad l\u00e4stid":"1 minut"},"schema":{"@context":"https:\/\/schema.org","@graph":[{"@type":"WebPage","@id":"https:\/\/studio-kreativ.se\/wordpress\/om-oss\/","url":"https:\/\/studio-kreativ.se\/wordpress\/om-oss\/","name":"Om oss - Studio Kreativ","isPartOf":{"@id":"https:\/\/studio-kreativ.se\/wordpress\/#website"},"datePublished":"2018-01-03T10:37:23+00:00","dateModified":"2018-01-10T12:21:41+00:00","description":"N\u00e4r du g\u00e5r fr\u00e5n v\u00e5r fris\u00f6rsalong i J\u00f6nk\u00f6ping vill vi att du l\u00e4mnar oss med mer \u00e4n bara en v\u00e4lklippt frisyr. Du ska ocks\u00e5 g\u00e5 h\u00e4rifr\u00e5n med en sk\u00f6n k\u00e4nsla.","breadcrumb":{"@id":"https:\/\/studio-kreativ.se\/wordpress\/om-oss\/#breadcrumb"},"inLanguage":"sv-SE","potentialAction":[{"@type":"ReadAction","target":["https:\/\/studio-kreativ.se\/wordpress\/om-oss\/"]}]},{"@type":"BreadcrumbList","@id":"https:\/\/studio-kreativ.se\/wordpress\/om-oss\/#breadcrumb","itemListElement":[{"@type":"ListItem","position":1,"name":"Hem","item":"https:\/\/studio-kreativ.se\/wordpress\/"},{"@type":"ListItem","position":2,"name":"Om oss"}]},{"@type":"WebSite","@id":"https:\/\/studio-kreativ.se\/wordpress\/#website","url":"https:\/\/studio-kreativ.se\/wordpress\/","name":"Studio Kreativ","description":"Fris\u00f6r i J\u00f6nk\u00f6ping","potentialAction":[{"@type":"SearchAction","target":{"@type":"EntryPoint","urlTemplate":"https:\/\/studio-kreativ.se\/wordpress\/?s={search_term_string}"},"query-input":"required name=search_term_string"}],"inLanguage":"sv-SE"}]}},"_links":{"self":[{"href":"https:\/\/studio-kreativ.se\/wordpress\/wp-json\/wp\/v2\/pages\/8"}],"collection":[{"href":"https:\/\/studio-kreativ.se\/wordpress\/wp-json\/wp\/v2\/pages"}],"about":[{"href":"https:\/\/studio-kreativ.se\/wordpress\/wp-json\/wp\/v2\/types\/page"}],"author":[{"embeddable":true,"href":"https:\/\/studio-kreativ.se\/wordpress\/wp-json\/wp\/v2\/users\/1"}],"replies":[{"embeddable":true,"href":"https:\/\/studio-kreativ.se\/wordpress\/wp-json\/wp\/v2\/comments?post=8"}],"version-history":[{"count":3,"href":"https:\/\/studio-kreativ.se\/wordpress\/wp-json\/wp\/v2\/pages\/8\/revisions"}],"predecessor-version":[{"id":37,"href":"https:\/\/studio-kreativ.se\/wordpress\/wp-json\/wp\/v2\/pages\/8\/revisions\/37"}],"wp:featuredmedia":[{"embeddable":true,"href":"https:\/\/studio-kreativ.se\/wordpress\/wp-json\/wp\/v2\/media\/78"}],"wp:attachment":[{"href":"https:\/\/studio-kreativ.se\/wordpress\/wp-json\/wp\/v2\/media?parent=8"}],"curies":[{"name":"wp","href":"https:\/\/api.w.org\/{rel}","templated":true}]}}

<h1>Välkommen till oss på Studio Kreativ!</h1>
<p>Här i våra moderna fräscha lokaler mitt i centrala Jönköping ser vi till att du som kund blir ordentligt omhändertagen. Vi erbjuder högsta möjliga kvalitet kombinerat med det där lilla extra. För oss är kunden alltid i centrum &#8211; varje klippning, färgning och frisyr är unik.</p>
<p>Vi ger våra kunder en exklusiv känsla av lyx och avkoppling i absolut harmoni. Vi använder enbart kvalitetsprodukter och anpassar oss alltid efter kundens behov och önskemål.</p>
<p>När du går från vår salong vill vi att du lämnar oss med mer än bara en välklippt frisyr. Du ska också gå härifrån med en skön känsla.</p>
<p>Välkommen till oss på Studio Kreativ!</p>

<p>Välkommen till oss på Studio Kreativ! Här i våra moderna fräscha lokaler mitt i centrala Jönköping ser vi till att du som kund blir ordentligt omhändertagen. Vi erbjuder högsta möjliga kvalitet kombinerat med det där lilla extra. För oss är kunden alltid i centrum &#8211; [&hellip;]</p>

<!-- This site is optimized with the Yoast SEO plugin v19.5.1 - https://yoast.com/wordpress/plugins/seo/ -->
<title>Om oss - Studio Kreativ</title>
<meta name="description" content="När du går från vår frisörsalong i Jönköping vill vi att du lämnar oss med mer än bara en välklippt frisyr. Du ska också gå härifrån med en skön känsla." />
<meta name="robots" content="index, follow, max-snippet:-1, max-image-preview:large, max-video-preview:-1" />
<link rel="canonical" href="https://studio-kreativ.se/wordpress/om-oss/" />
<meta property="og:locale" content="sv_SE" />
<meta property="og:type" content="article" />
<meta property="og:title" content="Om oss - Studio Kreativ" />
<meta property="og:description" content="När du går från vår frisörsalong i Jönköping vill vi att du lämnar oss med mer än bara en välklippt frisyr. Du ska också gå härifrån med en skön känsla." />
<meta property="og:url" content="https://studio-kreativ.se/wordpress/om-oss/" />
<meta property="og:site_name" content="Studio Kreativ" />
<meta property="article:modified_time" content="2018-01-10T12:21:41+00:00" />
<meta property="og:image" content="https://studio-kreativ.se/wordpress/wp-content/uploads/2018/01/top.jpg" />
	<meta property="og:image:width" content="2000" />
	<meta property="og:image:height" content="255" />
	<meta property="og:image:type" content="image/jpeg" />
<meta name="twitter:card" content="summary_large_image" />
<meta name="twitter:label1" content="Beräknad lästid" />
	<meta name="twitter:data1" content="1 minut" />
<script type="application/ld+json" class="yoast-schema-graph">{"@context":"https://schema.org","@graph":[{"@type":"WebPage","@id":"https://studio-kreativ.se/wordpress/om-oss/","url":"https://studio-kreativ.se/wordpress/om-oss/","name":"Om oss - Studio Kreativ","isPartOf":{"@id":"https://studio-kreativ.se/wordpress/#website"},"datePublished":"2018-01-03T10:37:23+00:00","dateModified":"2018-01-10T12:21:41+00:00","description":"När du går från vår frisörsalong i Jönköping vill vi att du lämnar oss med mer än bara en välklippt frisyr. Du ska också gå härifrån med en skön känsla.","breadcrumb":{"@id":"https://studio-kreativ.se/wordpress/om-oss/#breadcrumb"},"inLanguage":"sv-SE","potentialAction":[{"@type":"ReadAction","target":["https://studio-kreativ.se/wordpress/om-oss/"]}]},{"@type":"BreadcrumbList","@id":"https://studio-kreativ.se/wordpress/om-oss/#breadcrumb","itemListElement":[{"@type":"ListItem","position":1,"name":"Hem","item":"https://studio-kreativ.se/wordpress/"},{"@type":"ListItem","position":2,"name":"Om oss"}]},{"@type":"WebSite","@id":"https://studio-kreativ.se/wordpress/#website","url":"https://studio-kreativ.se/wordpress/","name":"Studio Kreativ","description":"Frisör i Jönköping","potentialAction":[{"@type":"SearchAction","target":{"@type":"EntryPoint","urlTemplate":"https://studio-kreativ.se/wordpress/?s={search_term_string}"},"query-input":"required name=search_term_string"}],"inLanguage":"sv-SE"}]}</script>
<!-- / Yoast SEO plugin. -->

När du går från vår frisörsalong i Jönköping vill vi att du lämnar oss med mer än bara en välklippt frisyr. Du ska också gå härifrån med en skön känsla.

Frisör i Jönköping
